{"id":678,"date":"2018-05-28T17:23:44","date_gmt":"2018-05-28T17:23:44","guid":{"rendered":"http:\/\/galtholmenmc.se\/?page_id=678"},"modified":"2024-07-09T22:02:17","modified_gmt":"2024-07-09T22:02:17","slug":"poker-run","status":"publish","type":"page","link":"https:\/\/galtholmenmc.se\/?page_id=678","title":{"rendered":"Poker Run"},"content":{"rendered":"\n<p><strong>OBS OBS OBS!! Ny rutt! Se l\u00e4ngre ner p\u00e5 den h\u00e4r sidan&#8230;<\/strong><\/p>\n\n\n\n<figure class=\"wp-block-image size-large\"><img loading=\"lazy\" decoding=\"async\" width=\"724\" height=\"1024\" src=\"http:\/\/galtholmenmc.se\/wp-content\/uploads\/2024\/07\/Poker-Run-web-ett-lager_2024-724x1024.jpg\" alt=\"\" class=\"wp-image-2872\" srcset=\"https:\/\/galtholmenmc.se\/wp-content\/uploads\/2024\/07\/Poker-Run-web-ett-lager_2024-724x1024.jpg 724w, https:\/\/galtholmenmc.se\/wp-content\/uploads\/2024\/07\/Poker-Run-web-ett-lager_2024-212x300.jpg 212w, https:\/\/galtholmenmc.se\/wp-content\/uploads\/2024\/07\/Poker-Run-web-ett-lager_2024-768x1086.jpg 768w, https:\/\/galtholmenmc.se\/wp-content\/uploads\/2024\/07\/Poker-Run-web-ett-lager_2024-1086x1536.jpg 1086w, https:\/\/galtholmenmc.se\/wp-content\/uploads\/2024\/07\/Poker-Run-web-ett-lager_2024-1448x2048.jpg 1448w, https:\/\/galtholmenmc.se\/wp-content\/uploads\/2024\/07\/Poker-Run-web-ett-lager_2024-scaled.jpg 1810w\" sizes=\"auto, (max-width: 724px) 100vw, 724px\" \/><\/figure>\n\n\n\n<p><strong>\u2022 Vid Folk\u00e4rna och 4-v\u00e4gsstoppet s\u00e5 sv\u00e4nger vi h\u00f6ger (Lund 22 p\u00e5 kartan) mot Utsund och sedan v\u00e4nster (Krylbo p\u00e5 kartan(vet inte varf\u00f6r det st\u00e5r s\u00e5))<br>\u2022 Vid N\u00e4s kraftstation p\u00e5 v\u00e4nstersidan s\u00e5 kommer vi att ha v\u00e5r nya kontroll ist\u00e4llet f\u00f6r vid By Hembygdsg\u00e5rd.<br>\u2022 Sedan vanliga v\u00e4gen mot Odendisa och Silvergruvan och tills slut mot Svedbo\u00e4ng igen.<\/strong><\/p>\n\n\n\n<figure class=\"wp-block-image size-large\"><img loading=\"lazy\" decoding=\"async\" width=\"1024\" height=\"832\" src=\"http:\/\/galtholmenmc.se\/wp-content\/uploads\/2024\/07\/PR_2024-1024x832.jpg\" alt=\"\" class=\"wp-image-2873\" srcset=\"https:\/\/galtholmenmc.se\/wp-content\/uploads\/2024\/07\/PR_2024-1024x832.jpg 1024w, https:\/\/galtholmenmc.se\/wp-content\/uploads\/2024\/07\/PR_2024-300x244.jpg 300w, https:\/\/galtholmenmc.se\/wp-content\/uploads\/2024\/07\/PR_2024-768x624.jpg 768w, https:\/\/galtholmenmc.se\/wp-content\/uploads\/2024\/07\/PR_2024-1536x1248.jpg 1536w, https:\/\/galtholmenmc.se\/wp-content\/uploads\/2024\/07\/PR_2024.jpg 2048w\" sizes=\"auto, (max-width: 1024px) 100vw, 1024px\" \/><\/figure>\n","protected":false},"excerpt":{"rendered":"<p>OBS OBS OBS!! Ny rutt! Se l\u00e4ngre ner p\u00e5 den h\u00e4r sidan&#8230; \u2022 Vid Folk\u00e4rna och 4-v\u00e4gsstoppet s\u00e5 sv\u00e4nger vi h\u00f6ger (Lund 22 p\u00e5 kartan) mot Utsund och sedan v\u00e4nster (Krylbo p\u00e5 kartan(vet inte varf\u00f6r det st\u00e5r s\u00e5))\u2022 Vid N\u00e4s kraftstation p\u00e5 v\u00e4nstersidan s\u00e5 kommer vi att ha v\u00e5r nya kontroll ist\u00e4llet f\u00f6r vid By [&hellip;]<\/p>\n","protected":false},"author":1,"featured_media":0,"parent":0,"menu_order":0,"comment_status":"closed","ping_status":"closed","template":"","meta":{"footnotes":""},"class_list":["post-678","page","type-page","status-publish","hentry"],"_links":{"self":[{"href":"https:\/\/galtholmenmc.se\/index.php?rest_route=\/wp\/v2\/pages\/678","targetHints":{"allow":["GET"]}}],"collection":[{"href":"https:\/\/galtholmenmc.se\/index.php?rest_route=\/wp\/v2\/pages"}],"about":[{"href":"https:\/\/galtholmenmc.se\/index.php?rest_route=\/wp\/v2\/types\/page"}],"author":[{"embeddable":true,"href":"https:\/\/galtholmenmc.se\/index.php?rest_route=\/wp\/v2\/users\/1"}],"replies":[{"embeddable":true,"href":"https:\/\/galtholmenmc.se\/index.php?rest_route=%2Fwp%2Fv2%2Fcomments&post=678"}],"version-history":[{"count":10,"href":"https:\/\/galtholmenmc.se\/index.php?rest_route=\/wp\/v2\/pages\/678\/revisions"}],"predecessor-version":[{"id":2874,"href":"https:\/\/galtholmenmc.se\/index.php?rest_route=\/wp\/v2\/pages\/678\/revisions\/2874"}],"wp:attachment":[{"href":"https:\/\/galtholmenmc.se\/index.php?rest_route=%2Fwp%2Fv2%2Fmedia&parent=678"}],"curies":[{"name":"wp","href":"https:\/\/api.w.org\/{rel}","templated":true}]}}