{"id":492,"date":"2018-03-30T08:59:38","date_gmt":"2018-03-30T08:59:38","guid":{"rendered":"http:\/\/galtholmenmc.se\/?page_id=492"},"modified":"2018-03-30T12:50:57","modified_gmt":"2018-03-30T12:50:57","slug":"del-10","status":"publish","type":"page","link":"https:\/\/galtholmenmc.se\/?page_id=492","title":{"rendered":"Del 10"},"content":{"rendered":"<p>Sommaren kom verkligen nu kan man lugnt s\u00e4ga. Varmt som bara den. Rehab hade semesterst\u00e4ngt och jag fick komma ner och tr\u00e4na en g\u00e5ng i veckan. Jag var s\u00e5 svag efter str\u00e5lningen s\u00e5 jag klarade inte att st\u00e4lla mig upp av mig sj\u00e4lv vilket jag klarade innan jag b\u00f6rjade med str\u00e5lningen.<br \/>\nFick hj\u00e4lp att kunna st\u00e4lla mig upp i en slags s\u00e4ng med sp\u00e4nnband och som de kunde vicka mig s\u00e5 jag kom helt rakt upp. D\u00e4r fick jag st\u00e5 i ca 10-15 min. K\u00e4ndes v\u00e4ldigt overkligt att st\u00e5 d\u00e4r utan att h\u00e5lla i sig. K\u00e4ndes v\u00e4ldigt mycket i f\u00f6tterna n\u00e4r blodet forsade ner och sedan skulle det tillbaka. Tog enormt p\u00e5 mina krafter att st\u00e5 s\u00e5 men sk\u00f6nt ocks\u00e5.<\/p>\n<p>Sedan var det st\u00e4ngt d\u00e4r och jag skulle tr\u00e4na sj\u00e4lv hemma och det var inte det l\u00e4ttaste d\u00e5 jag hade enorma problem att ta mig ner p\u00e5 golvet n\u00e4r kn\u00e4n och h\u00f6ftb\u00f6jaren inte fungerade alls. S\u00e5 f\u00f6r att ta mig ner s\u00e5 satt jag i rullstolen och sedan f\u00f6ll fram\u00e5t med ett brak ner p\u00e5 mattan framf\u00f6r mig. Gjorde s\u00e5 ont n\u00e4r kn\u00e4na b\u00f6jdes ihop snabbt och t\u00e5rarna kom och jag skrek h\u00f6gt. V\u00e4l d\u00e4r nere p\u00e5 golvet s\u00e5 gick \u00f6vningarna helt ok m\u00e5ste jag nog s\u00e4ga.<\/p>\n<p>Galtholmen har sin \u00e5rliga pokerrun i Svedbo\u00e4ng och det kan ju bara inte missa!!<br \/>\nS\u00e5 jag \u00e5kte dit p\u00e5 fredagen med Liam och det gick bra fast man satt i rullstol, s\u00e5 trevligt att f\u00e5 tr\u00e4ffa likasinnade det var s\u00e5 l\u00e4nge sedan. Best\u00e4mde d\u00e5 att jag skulle sitta i entr\u00e9n p\u00e5 l\u00f6rdagen och ge \u00e5karna kort som jag brukar g\u00f6ra.<br \/>\nGrabbarna hade byggt ett skydd s\u00e5 jag kunde rulla in och kissa n\u00e4r det tr\u00e4ngde p\u00e5. Sen att man s\u00e5g ut om en tjock gubbe i ansiktet var v\u00e4l inte det trevligaste.<\/p>\n<p><img loading=\"lazy\" decoding=\"async\" class=\"alignnone wp-image-573 size-full\" src=\"http:\/\/galtholmenmc.se\/wp-content\/uploads\/2018\/03\/Strand30.jpg\" alt=\"\" width=\"462\" height=\"480\" srcset=\"https:\/\/galtholmenmc.se\/wp-content\/uploads\/2018\/03\/Strand30.jpg 462w, https:\/\/galtholmenmc.se\/wp-content\/uploads\/2018\/03\/Strand30-289x300.jpg 289w\" sizes=\"auto, (max-width: 462px) 100vw, 462px\" \/><br \/>\nSvedbo\u00e4ng i juli 2014.<\/p>\n<p>Sen att det var cirka 30 grader ute gjorde det ju inte l\u00e4ttare att tr\u00e4na. Varmt att bara sitta p\u00e5 altanen och f\u00f6rs\u00f6ka njuta av det fina v\u00e4dret. Delar av familjen \u00e5kte och badade. Sj\u00e4lv s\u00e5 fick man sitta kvar och svettas. Hade nog kunna betala vad som helst f\u00f6r att f\u00e5 svalka mig i en sj\u00f6&#8230;<br \/>\nMen n\u00e4r man knappt kunde flytta sig fr\u00e5n rullstolen till en stol utan att blir rej\u00e4lt anstr\u00e4ngd s\u00e5 fanns det inte en chans att jag skulle ta mig till en sj\u00f6 och f\u00f6rs\u00f6ka g\u00f6ra n\u00e5got d\u00e4r.<\/p>\n<p>I augusti s\u00e5 hade jag ett avst\u00e4mningsm\u00f6te med F\u00f6rs\u00e4kringskassan, Sjukgymnasten, Kurator och Arbetsgivaren om att jag ville b\u00f6rja att jobba tidigare. Jag var sjukskriven helt till den 30\/10 och sedan skulle vi se om jag kunde b\u00f6rja att jobba men jag ville b\u00f6rja tidigare. Jag sa att jag kunde b\u00f6rja 1\/9 om F\u00f6rs\u00e4kringskassan stod f\u00f6r transport till och fr\u00e5n Norberg. Det skulle inte vara n\u00e5gra problem sa hon. Ett annat problem som jag s\u00e5g det var ju att jag beh\u00f6vde rullstolen b\u00e5de hemma och p\u00e5 jobbet\/verkstaden. Fr\u00e5gade hur man l\u00f6ser det och det visade sig inte vara det l\u00e4ttaste. En rullstol har jag f\u00e5tt att anv\u00e4nda men man kunde inte f\u00e5 tv\u00e5.<br \/>\nTog kontakt med F\u00f6rs\u00e4kringskassans Arbetshj\u00e4lpmedelcentral och f\u00f6rs\u00f6kte f\u00e5 henne att f\u00f6rst\u00e5 att jag inte ville rulla runt p\u00e5 verkstaden d\u00e4r det \u00e4r r\u00e4tts\u00e5 skitigt och finns viss risk f\u00f6r att det skulle bli punktering p\u00e5 d\u00e4cken. F\u00f6rklarade \u00e4ven att jag rullade in i vardagsrummet ifr\u00e5n altanen och det var ju inte s\u00e5 bra f\u00f6r parketten att \u00e5ka d\u00e4r.<\/p>\n<p>Nu skulle jag b\u00f6rja jobba 25% till att b\u00f6rja med. Men tyv\u00e4rr s\u00e5 kunde de inte betala taxiresor 5 dagar i veckan utan bara 2 dagar. S\u00e5 det blev att jobba 5 timmar per dag d\u00e5 ist\u00e4llet f\u00f6r 2 timmar om dagen. Trodde det inte skulle vara n\u00e5gra problem men GUD vad jobbigt det var. Efter f\u00f6rsta arbetsdagen s\u00e5 kom jag hem och sov 3 timmar&#8230;<br \/>\nMen efter n\u00e5gra veckor s\u00e5 b\u00f6rjade det g\u00e5 b\u00e4ttre och b\u00e4ttre.<br \/>\nGick upp kl 7 och taxin kom och h\u00e4mtade mig kl 8 sedan blev jag h\u00e4mtad kl 14.30 s\u00e5 det blev v\u00e4ldigt l\u00e5nga dagar i b\u00f6rjan. Hade min rullstol ett bra tag innan det kom ett beslut p\u00e5 att jag skulle f\u00e5 en arbetsrullstol.<br \/>\nEfter mycket om och men s\u00e5 fick jag \u00e5ka till Borl\u00e4nge och h\u00e4mta en till rullstol som jag kunde ha p\u00e5 jobbet. Ist\u00e4llet f\u00f6r att F\u00f6rs\u00e4kringskassan skulle k\u00f6pa den s\u00e5 leasar de den i ett \u00e5r i taget.<\/p>\n<p>30\/11 skulle jag inte f\u00e5 n\u00e5gra taxiresor mer till jobbet, utan var tvungen att ta f\u00e4rdtj\u00e4nst eller f\u00f6rs\u00f6ka att k\u00f6ra egen bil.<br \/>\nP\u00e5 ett nytt avst\u00e4mningsm\u00f6te s\u00e5 togs detta upp och jag bokade in ett par k\u00f6r lektioner p\u00e5 Anpassarna i Hedemora och skulle prova att k\u00f6ra bil igen f\u00f6r f\u00f6rsta g\u00e5ngen p\u00e5 ca 10 m\u00e5nader.<br \/>\nJag kom dit och l\u00e4raren tyckte vi skulle k\u00f6ra en bil med automatl\u00e5da men det fanns handreglage f\u00f6r gas och broms om det beh\u00f6vdes. Hade bokat 90 min k\u00f6rning men efter ca 35 min s\u00e5 tyckte han att jag inte beh\u00f6vde k\u00f6ra mer med honom. Han var v\u00e4ldigt n\u00f6jd med min k\u00f6rning och att benen fungerade bra mellan gas och broms. Problemet nu var ju bara att b\u00e5de Volvon och Alfa Romeon har ju manuell v\u00e4xell\u00e5da.<br \/>\nSom tur \u00e4r hade Liam precis fixat k\u00f6rkort s\u00e5 han och jag var ute och \u00f6vningsk\u00f6rde med krypk\u00f6rning och hitta dragl\u00e4get i backar. Gick helt \u00f6ver f\u00f6rv\u00e4ntan.<\/p>\n<p>Den 25\/11 fick jag ett bes\u00f6k av \u00f6verl\u00e4karen f\u00f6r alla distriktl\u00e4kare i Avesta och Hedemora. Jag hade l\u00e4mnat in en antal anm\u00e4lningar i Patientn\u00e4mden p\u00e5 grund av hur jag blivit bem\u00f6tt och hur jag fick mitt cancerbesked p\u00e5 telefon.<br \/>\nJag hade f\u00e5tt svar ifr\u00e5n alla instanser men inte ifr\u00e5n Avesta V\u00e5rdcentral men nu skulle jag allts\u00e5 f\u00e5 ett bes\u00f6k hemma av Ulf.<br \/>\nHan beklagade allt som hade h\u00e4nt mig. Allt hade g\u00e5tt s\u00e5 r\u00e4tt till i b\u00f6rjan. Fick ett l\u00e4karbes\u00f6k snabbt, r\u00f6ntgen samma dag. Sen gick det v\u00e4ldigt fel. R\u00f6ntgenl\u00e4karen s\u00e5g att det var n\u00e5got vid Th7 o Th8 men tyckte inte det var n\u00e5got att l\u00e4gga ner jobb p\u00e5 utan en diskf\u00f6rslitning mellan Th4 och Th5 s\u00e5 distrikl\u00e4karen gick p\u00e5 r\u00f6ntgenl\u00e4karens utl\u00e5tande och det blev s\u00e5 fel&#8230;<br \/>\nFick papper p\u00e5 att jag blivit felbehandlad och mitt fall skulle anv\u00e4ndas f\u00f6r att visa hur det INTE ska g\u00e5 till. Ser man n\u00e5got som inte \u00e4r som det ska s\u00e5 ska man INTE f\u00e5 alvedon och egen remiss till sjukgymnast utan det \u00e4r en magnetr\u00f6ntgen som g\u00e4ller. \u00c4ven att man ska lyssna p\u00e5 patienten om han beh\u00f6ver mer sm\u00e4rtstillande \u00e4n alvedon.<\/p>\n<p>Jag har anm\u00e4lt mitt felbehandling till L\u00d6F, patientf\u00f6rs\u00e4kringen.<br \/>\nBlev \u00e4ven kontaktad av min handl\u00e4ggare p\u00e5 Patientn\u00e4mnden och de ville \u00e4ven d\u00e4r anv\u00e4nda mitt fall anonymt d\u00e5 hur fel det kan bli men \u00e4ven hur bra jag blev p\u00e5 mina cytostatikabehandlingar.<\/p>\n<p>Nu gick det bra att tr\u00e4na och gjorde framsteg n\u00e4stan varje vecka. Gjorde en test i oktober och d\u00e4r kunde jag st\u00e5 och f\u00f6rs\u00f6ka ta mig runt 360 grader. Gick helt ok men tog en v\u00e4ldig tid. Klarade att ta mig med rollator ca 30 meter.<br \/>\nMycket att tr\u00e4na p\u00e5. Badade i varmbadet p\u00e5 rehab p\u00e5 tisdagar, k\u00e4nslan n\u00e4r jag f\u00f6r f\u00f6rsta g\u00e5ngen kom ner i badet och kunde st\u00e5 och ta ett par steg utan att h\u00e5lla i mig och p\u00e5 fredagar s\u00e5 hade jag tr\u00e4ning med min sjukgymnast. Mycket fokus p\u00e5 att f\u00e5 upp balansen och f\u00e5 tillbaka musklerna i benen.<\/p>\n<p>Sen kom julafton och nu skulle jag f\u00f6rs\u00f6ka att klara mig en hel dag hos min f\u00f6r\u00e4ldrar utan rullstol. Bara anv\u00e4nda kryckorna som jag hade l\u00e4rt mig att g\u00e5 med. Klarade det utan problem!!!<\/p>\n<p>Ny\u00e5rsaftonen var ungef\u00e4r 1000 ggr b\u00e4ttre i \u00e5r \u00e4n f\u00f6rra. Nu fick man sin oxfil\u00e9 och ett glas vin.<\/p>\n<p><img loading=\"lazy\" decoding=\"async\" class=\"alignnone wp-image-574 size-full\" src=\"http:\/\/galtholmenmc.se\/wp-content\/uploads\/2018\/03\/Strand31.jpg\" alt=\"\" width=\"480\" height=\"360\" srcset=\"https:\/\/galtholmenmc.se\/wp-content\/uploads\/2018\/03\/Strand31.jpg 480w, https:\/\/galtholmenmc.se\/wp-content\/uploads\/2018\/03\/Strand31-300x225.jpg 300w\" sizes=\"auto, (max-width: 480px) 100vw, 480px\" \/><br \/>\nNy\u00e5rsmiddag!<\/p>\n<p>I mellandagarna s\u00e5 t\u00e4nkte jag f\u00f6rs\u00f6ka att g\u00e5 utan kryckor hemma. Vi har en matta som \u00e4r ca 4 meter l\u00e5ng och den t\u00e4nkte jag f\u00f6rs\u00f6ka att ta mig utan kryckor. Sa till Monika att nu ska jag prova att ta n\u00e5gra steg utan hj\u00e4lpmedel. St\u00e4llde mig upp och tog ett steg sedan ett par till innan jag kom fram till Monika. Precis som ett barn som tar sina f\u00f6rsta steg i livet. Kan gladeligen erk\u00e4nna att det k\u00e4nde s\u00e5 f\u00f6r mig ocks\u00e5. Hur stort som helst.<br \/>\nSenare p\u00e5 kv\u00e4llen s\u00e5 visade jag det f\u00f6r mina barn som satt i soffan. Nova blev t\u00e5r\u00f6gd n\u00e4r hon s\u00e5g mig stapla ett par steg. En s\u00e5dan h\u00e4rlig k\u00e4nsla att kunna ta mig fram lite sakta men inte s\u00e5 s\u00e4kert&#8230;<\/p>\n","protected":false},"excerpt":{"rendered":"<p>Sommaren kom verkligen nu kan man lugnt s\u00e4ga. Varmt som bara den. Rehab hade semesterst\u00e4ngt och jag fick komma ner och tr\u00e4na en g\u00e5ng i veckan. Jag var s\u00e5 svag efter str\u00e5lningen s\u00e5 jag klarade inte att st\u00e4lla mig upp av mig sj\u00e4lv vilket jag klarade innan jag b\u00f6rjade med str\u00e5lningen. Fick hj\u00e4lp att kunna [&hellip;]<\/p>\n","protected":false},"author":1,"featured_media":0,"parent":0,"menu_order":0,"comment_status":"closed","ping_status":"closed","template":"","meta":{"footnotes":""},"class_list":["post-492","page","type-page","status-publish","hentry"],"_links":{"self":[{"href":"https:\/\/galtholmenmc.se\/index.php?rest_route=\/wp\/v2\/pages\/492","targetHints":{"allow":["GET"]}}],"collection":[{"href":"https:\/\/galtholmenmc.se\/index.php?rest_route=\/wp\/v2\/pages"}],"about":[{"href":"https:\/\/galtholmenmc.se\/index.php?rest_route=\/wp\/v2\/types\/page"}],"author":[{"embeddable":true,"href":"https:\/\/galtholmenmc.se\/index.php?rest_route=\/wp\/v2\/users\/1"}],"replies":[{"embeddable":true,"href":"https:\/\/galtholmenmc.se\/index.php?rest_route=%2Fwp%2Fv2%2Fcomments&post=492"}],"version-history":[{"count":2,"href":"https:\/\/galtholmenmc.se\/index.php?rest_route=\/wp\/v2\/pages\/492\/revisions"}],"predecessor-version":[{"id":576,"href":"https:\/\/galtholmenmc.se\/index.php?rest_route=\/wp\/v2\/pages\/492\/revisions\/576"}],"wp:attachment":[{"href":"https:\/\/galtholmenmc.se\/index.php?rest_route=%2Fwp%2Fv2%2Fmedia&parent=492"}],"curies":[{"name":"wp","href":"https:\/\/api.w.org\/{rel}","templated":true}]}}