{"id":472,"date":"2018-03-29T11:21:37","date_gmt":"2018-03-29T11:21:37","guid":{"rendered":"http:\/\/galtholmenmc.se\/?page_id=472"},"modified":"2018-03-29T11:28:34","modified_gmt":"2018-03-29T11:28:34","slug":"del-1","status":"publish","type":"page","link":"https:\/\/galtholmenmc.se\/?page_id=472","title":{"rendered":"Del 1"},"content":{"rendered":"<p>F\u00f6rst n\u00e5gra ord fr\u00e5n Webmastern:<br \/>\nOkej k\u00e4ra v\u00e4nner, som jag ber\u00e4ttade h\u00e4romdagen s\u00e5 har jag bett Galtholmen Mc\u2019s Thomas Strand alias Mr Musiclover alias Fight! om en uppdatering av vad som h\u00e4nder i hans liv, hur det g\u00e5tt med hans rehabilitering, helt enkelt om hans s\u00e5 kallade \u201dresa\u201d.<br \/>\nVi pratade lite fram och tillbaka och n\u00e4r han v\u00e4l b\u00f6rjade skriva s\u00e5 kunde han konstatera att det blir en L\u00c5NG ber\u00e4ttelse och han funderade \u00f6ver huruvida folk skulle orka l\u00e4sa\u2026men jag \u00e4r helt \u00f6vertygad om att m\u00e5nga funderat \u00f6ver vad det \u00e4r som egentligen h\u00e4nt, att m\u00e5nga bryr sig men inte haft modet att fr\u00e5ga\u2026och ni vet ju hur m\u00e4n \u00e4r n\u00e4r det g\u00e4ller det h\u00e4r med att samtals\u00e4mnet blir k\u00e4nsligt och sv\u00e5rt, t\u00e4nk om de skulle fr\u00e5ga honom och till r\u00e5ga p\u00e5 allt b\u00f6rja gr\u00e5ta! Hemska tanke! \ud83d\ude09<\/p>\n<p>Hur som helst s\u00e5 har det ju inte framkommit h\u00e4r p\u00e5 sidan vad v\u00e5r k\u00e4re v\u00e4n egentligen drabbades av och det \u00e4r s\u00e5 klart ett aktivt val fr\u00e5n Galtholmen Mc\u2019s och Strands sida, men nu har det g\u00e5tt ett \u00e5r och v\u00e5r k\u00e4mpe \u00e4r redo att ber\u00e4tta sj\u00e4lv, med helt egna ord.<\/p>\n<p>Jag v\u00e4ljer att kalla det f\u00f6r \u201dreseber\u00e4ttelse\u201d, f\u00f6r det \u00e4r sannerligen en \u201dresa\u201d att vara 45 \u00e5r och i stort sett bli lam fr\u00e5n den ena dagen till den andra, att f\u00e5 veta att man m\u00e5ste k\u00e4mpa f\u00f6r att \u00f6verleva, att inte veta om det kommer att g\u00e5 v\u00e4gen men att \u00e4ndock aldrig ge upp.<\/p>\n<p>Ber\u00e4ttelsen kommer att delas upp i flera delar och h\u00e4r kommer den f\u00f6rsta\u2026<\/p>\n<p><strong>September &#8211; December 2013: <\/strong><\/p>\n<p>H\u00e4r kommer en l\u00e5ng och utfo\u0308rlig ber\u00e4ttelse om vad jag har varit med om. Bo\u0308rjade lite med ont i ryggen och lite stel.<br \/>\nVar med Galtholmen till Spanien i september 2013 och d\u00e4r \u00e5kte jag motorcykel och det trodde jag inte skulle g\u00e5 men det var inga problem.<br \/>\nKanske fo\u0308r att vi \u00e5kte BMW men det skulle jag aldrig erk\u00e4nna! Var \u00e4ven ut p\u00e5 en lo\u0308pv\u00e4nda med Stenman och inga problem d\u00e4r heller. Blev ju en och annan o\u0308l som d\u00e4mpade sm\u00e4rtan kanske.<\/p>\n<p><img loading=\"lazy\" decoding=\"async\" class=\"alignnone wp-image-476 size-full\" src=\"http:\/\/galtholmenmc.se\/wp-content\/uploads\/2018\/03\/Strand001.jpg\" alt=\"\" width=\"480\" height=\"640\" srcset=\"https:\/\/galtholmenmc.se\/wp-content\/uploads\/2018\/03\/Strand001.jpg 480w, https:\/\/galtholmenmc.se\/wp-content\/uploads\/2018\/03\/Strand001-225x300.jpg 225w\" sizes=\"auto, (max-width: 480px) 100vw, 480px\" \/><\/p>\n<p>N\u00e4r vi kom hem den 20 september s\u00e5 k\u00e4ndes det bra med allt. Tog mig en lo\u0308pv\u00e4nda men fick v\u00e4nda efter 500 meter d\u00e5 ryggen gjorde fruktansv\u00e4rt ont. T\u00e4nkte att det bara vara att vila s\u00e5 blir det nog bra. Har ett fysiskt arbetet d\u00e5 jag jobbar som resemonto\u0308r i hela Sverige och g\u00e5r i trappor hela dagarna upp och ner. Vilket jag gjort i 25 \u00e5r. Men bo\u0308rjar k\u00e4nna att det k\u00e4nns inte som det ska i ryggen. Sliter p\u00e5 och tar sm\u00e4rtstillande. Till slut tar jag kontakt med V\u00e5rdcentralen i Avesta och fo\u0308rso\u0308ker f\u00e5 en tid.<\/p>\n<p>F\u00e5r en tid den 25\/10-13. Tr\u00e4ffar en s\u00e5 kallad stafettl\u00e4kare. Han \u00e4r tittar lite p\u00e5 ryggen och s\u00e4ger att jag ska ta Alvedon och go\u0308ra en egen remiss till sjukgymnast.<br \/>\nD\u00e5 jag har reumatism s\u00e5 vill jag ha en vanlig sl\u00e4tro\u0308ntgen fo\u0308r att utesluta eventuell Ankyloserande Spondylit som \u00e4r en inflammatorisk sjukdom. Men det ju inte bra att ro\u0308ntga sig sa han!!<br \/>\nN\u00e4r jag sa att jag hade reumatism s\u00e5 fick jag en tid p\u00e5 en g\u00e5ng.<br \/>\nHan ringde upp tv\u00e5 timmar senare och sade att jag hade diskfo\u0308rslitning mellan Th4 och Th5. Ungef\u00e4r mitt i bro\u0308stryggen.<\/p>\n<p>Var till sjukgymnastiken och skrev in mig direkt. Tog 3 veckor innan jag fick en tid d\u00e4r. Ont i ryggen som bara den men inget allvarligt enligt l\u00e4karen s\u00e5.<br \/>\nSjukgymnasten sade att jag var v\u00e4ldigt stel och h\u00e5rd i musklerna. Hon gav mig akupunktur och mobiliserade ryggen. Blev bra fo\u0308rst men sedan k\u00e4ndes det inte bra. Jobbade och slet en vecka till. Nytt beso\u0308k hos sjukgymnasten och hon kn\u00e5dade samt gav akupunktur. K\u00e4ndes bra fo\u0308r stunden. Bo\u0308rjade att f\u00e5 konstiga sm\u00e4rtor i magen och ner\u00e5t ryggen. Var till akuten fo\u0308r det men bara lite mer sm\u00e4rtstillande.<br \/>\nJobbade p\u00e5 som vanligt men gick p\u00e5 sm\u00e4rtstillande hela tiden. Morfin till natten s\u00e5 man fick sova n\u00e5gra timmar i alla fall.<br \/>\nMin sjukgymnast tycker att jag blir s\u00e4mre fo\u0308r varje g\u00e5ng vi ses. Hon fixar en tid till en duktig naprapat som ska fo\u0308rso\u0308ka f\u00e5 ryggen bra.<br \/>\nHar s\u00e5 ont, ringer till V\u00e5rdcentralen och fo\u0308rso\u0308ker f\u00e5 en tid den 13\/12 men fo\u0308rsta lediga tiden \u00e4r 23\/1 &#8211; 14!! men hon ger mig ett tips att ringa kl 7 p\u00e5 morgonen den 13\/12 och fo\u0308rso\u0308ka p\u00e5 en akuttid med l\u00e4karen.<br \/>\nGo\u0308r s\u00e5 och f\u00e5r en tid redan kl 9.30.<\/p>\n<p>Kommer dit och han ber mig s\u00e4tta mig ner mittemot honom.<br \/>\nPratar lite om vilket fint fo\u0308r och efternamn han och jag har&#8230;<br \/>\nSedan s\u00e4ger han att han tittat p\u00e5 ro\u0308ntgenpl\u00e5tarna ifr\u00e5n 25\/10 och han s\u00e4ger att jag har en Fraktur p\u00e5 kota Th8&#8230; Ingen l\u00e4kare som talat om det fo\u0308r dig?? N\u00e4\u00e4\u00e4\u00e4<br \/>\nRinger till sjukgymnast och talar om vad l\u00e4karen sagt. Hon kontaktar sin ro\u0308ntgenl\u00e4kare som f\u00e5r titta och bekr\u00e4ftar vad som sagt. F\u00e5r absolut inte \u00e5ka till n\u00e5gon naprapat senare.<br \/>\nJobbar tv\u00e5 dagar till sen den 18\/10 tar jag ut ledighet och ska kurera mig till den 7\/1-14&#8230; L\u00e5ngledig t\u00e4nkte jag, bara ligga och ta det lugnt hemma med min familj..<\/p>\n<p><img loading=\"lazy\" decoding=\"async\" class=\"alignnone wp-image-477 size-full\" src=\"http:\/\/galtholmenmc.se\/wp-content\/uploads\/2018\/03\/Strand2.jpeg\" alt=\"\" width=\"640\" height=\"425\" srcset=\"https:\/\/galtholmenmc.se\/wp-content\/uploads\/2018\/03\/Strand2.jpeg 640w, https:\/\/galtholmenmc.se\/wp-content\/uploads\/2018\/03\/Strand2-300x199.jpeg 300w\" sizes=\"auto, (max-width: 640px) 100vw, 640px\" \/><\/p>\n<p>P\u00e5 juldagen st\u00e5r jag inte ut l\u00e4ngre, v\u00e4rken \u00e4r fruktansv\u00e4rd, jag kan inte h\u00e5lla mig uppr\u00e4tt utan ligger p\u00e5 ko\u0308ksgolvet och gr\u00e5ter. Min fru ringer ambulans, men enligt sko\u0308terskan d\u00e4r s\u00e5 \u00e4r mitt tillst\u00e5nd inte livshotande utan jag f\u00e5r vackert ta mig till akuten p\u00e5 egen hand!! Min fru ko\u0308r ner mig till akuten p\u00e5 Avesta Lasarett. D\u00e4r ger de mig sm\u00e4rtstillande sprutor och sen f\u00e5r jag \u00e5ka hem igen. V\u00e4rken borta i cirka tre timmar sen \u00e4r det lika illa igen.<\/p>\n<p>P\u00e5 morgonen den 30\/12 ringer min sjukgymnast och undrar om jag vill prova tejpning p\u00e5 ryggen. Min fru ko\u0308r ner mig och ber sjukgymnasten om hj\u00e4lp att ta mig till akuten fo\u0308r vidare transport till Falu Lasarett. D\u00e5 uppt\u00e4cker sjukgymnasten att mitt ho\u0308gra ben inte riktigt fo\u0308ljer med och sl\u00e4par efter. Klarar inte av att g\u00e5 sj\u00e4lv utan f\u00e5r hj\u00e4lp av b\u00e5de min fru och sjukgymnasten. V\u00e4l p\u00e5 akuten s\u00e5 hamnar jag p\u00e5 ett rum och f\u00e5r ganska snart tr\u00e4ffa l\u00e4karen. Det blir d\u00e5 omg\u00e5ende sjuktransport till Falu Lasarett. Detta \u00e4r d\u00e5 dagen innan ny\u00e5rsafton den 30\/12-2013.<\/p>\n<p><img loading=\"lazy\" decoding=\"async\" class=\"alignnone wp-image-478 size-full\" src=\"http:\/\/galtholmenmc.se\/wp-content\/uploads\/2018\/03\/Strand3.jpeg\" alt=\"\" width=\"640\" height=\"480\" srcset=\"https:\/\/galtholmenmc.se\/wp-content\/uploads\/2018\/03\/Strand3.jpeg 640w, https:\/\/galtholmenmc.se\/wp-content\/uploads\/2018\/03\/Strand3-300x225.jpeg 300w\" sizes=\"auto, (max-width: 640px) 100vw, 640px\" \/><\/p>\n","protected":false},"excerpt":{"rendered":"<p>F\u00f6rst n\u00e5gra ord fr\u00e5n Webmastern: Okej k\u00e4ra v\u00e4nner, som jag ber\u00e4ttade h\u00e4romdagen s\u00e5 har jag bett Galtholmen Mc\u2019s Thomas Strand alias Mr Musiclover alias Fight! om en uppdatering av vad som h\u00e4nder i hans liv, hur det g\u00e5tt med hans rehabilitering, helt enkelt om hans s\u00e5 kallade \u201dresa\u201d. Vi pratade lite fram och tillbaka och [&hellip;]<\/p>\n","protected":false},"author":1,"featured_media":0,"parent":37,"menu_order":1,"comment_status":"closed","ping_status":"closed","template":"","meta":{"footnotes":""},"class_list":["post-472","page","type-page","status-publish","hentry"],"_links":{"self":[{"href":"https:\/\/galtholmenmc.se\/index.php?rest_route=\/wp\/v2\/pages\/472","targetHints":{"allow":["GET"]}}],"collection":[{"href":"https:\/\/galtholmenmc.se\/index.php?rest_route=\/wp\/v2\/pages"}],"about":[{"href":"https:\/\/galtholmenmc.se\/index.php?rest_route=\/wp\/v2\/types\/page"}],"author":[{"embeddable":true,"href":"https:\/\/galtholmenmc.se\/index.php?rest_route=\/wp\/v2\/users\/1"}],"replies":[{"embeddable":true,"href":"https:\/\/galtholmenmc.se\/index.php?rest_route=%2Fwp%2Fv2%2Fcomments&post=472"}],"version-history":[{"count":3,"href":"https:\/\/galtholmenmc.se\/index.php?rest_route=\/wp\/v2\/pages\/472\/revisions"}],"predecessor-version":[{"id":479,"href":"https:\/\/galtholmenmc.se\/index.php?rest_route=\/wp\/v2\/pages\/472\/revisions\/479"}],"up":[{"embeddable":true,"href":"https:\/\/galtholmenmc.se\/index.php?rest_route=\/wp\/v2\/pages\/37"}],"wp:attachment":[{"href":"https:\/\/galtholmenmc.se\/index.php?rest_route=%2Fwp%2Fv2%2Fmedia&parent=472"}],"curies":[{"name":"wp","href":"https:\/\/api.w.org\/{rel}","templated":true}]}}