{"id":434,"date":"2018-03-07T18:11:47","date_gmt":"2018-03-07T18:11:47","guid":{"rendered":"http:\/\/galtholmenmc.se\/?page_id=434"},"modified":"2018-03-07T18:39:15","modified_gmt":"2018-03-07T18:39:15","slug":"trondheim-wintertour","status":"publish","type":"page","link":"https:\/\/galtholmenmc.se\/?page_id=434","title":{"rendered":"Trondheim wintertour"},"content":{"rendered":"<p><strong>Fredag 16\/2-2018 &#8212; S\u00f6ndag 18\/2-2018<\/strong><\/p>\n<p>Det var ju aaaaalldeles f\u00f6r l\u00e4nge sedan vi var p\u00e5 bes\u00f6k hos v\u00e5ra kamrater i Rubbish Mc och nu har de ju dessutom flyttat sin klubblokal till ett nytt omr\u00e5de, s\u00e5 det var minsann h\u00f6g tid f\u00f6r oss att fara dit och busa lite och kolla s\u00e5 att de sk\u00f6tt flytten ordenligt.<\/p>\n<p>Sagt och gjort, fredag den 18 februari var det dags. Klockan 07:00 skulle bussarna avg\u00e5 fr\u00e5n Galtholmen Manison, de som for var Mr P, M\u00e4sterMekanikern, Roadcaptain, K\u00e4ftis, Smuts, Tr\u00f6tter, BolibompaTommy, Nancy, RaggarNallen, H\u00e4ngBj\u00f6rken och Webmastern.<\/p>\n<p>Vi hann knappt utanf\u00f6r 70-skyltarna innan M\u00e4sterMekanikern b\u00f6rjade tala om mat och han konstaterade med ett leende: \u201dDet blir nog en f\u00f6rst\u00e4rkt fruktost n\u00e4r vi tankar sen!\u201dVarp\u00e5 RaggarNallen, som var chauff\u00f6r svarade: \u201dDet blir nog ingen tankning p\u00e5 v\u00e4gen upp\u2026\u201d M\u00e4sterMekanikern svarade best\u00f6rt: \u201d\u00c5hh neeeej, \u00e4r det en s\u00e5n j\u00e4vla bil!!??\u201d<br \/>\nMedan M\u00e4sterMekanikern dr\u00f6mde om mat s\u00e5 l\u00e5g Mr P l\u00e4ngst bak i bussen och s\u00e5lde flytspackel per telefon\u2026.<\/p>\n<p>Vid Moraklockan blev det dock ett snabbt stopp och vi rusade in i caf\u00e9terian, de flesta k\u00f6pte bara lite vatten, ett litet chokladkex eller n\u00e5t. N\u00e4r vi andra redan satt i bussen kom M\u00e4sterMekanikern utspatserande med en korv med br\u00f6d i truten. S\u00c5 KLART hade han nosat r\u00e4tt p\u00e5 korvarna, han hade till och med f\u00e5tt f\u00f6lja med caf\u00e9tanten in bakom disken, kunde man ju ge sig fan p\u00e5\u2026<\/p>\n<p><a href=\"http:\/\/galtholmenmc.se\/wp-content\/uploads\/2018\/03\/IMG_8211.mov\">IMG_8211<\/a><\/p>\n<p>Vid n\u00e4sta stopp bj\u00f6d Smuts p\u00e5 delikatesser; det var r\u00f6tt vin, salami och ostar i alla t\u00e4nkbara\u00a0 sorter. Han kan fixa godsaker han! I Fun\u00e4sdalen var det sedan dags f\u00f6r lunch och \u00e4ven chauff\u00f6rsbyte i den ena bussen. NU skulle RaggarNallen \u00e4\u00e4\u00e4ntligen f\u00e5 ta sig ett glas \u00f6l och jag kan lova att han vunnit vilken \u00f6lh\u00e4vart\u00e4vling som helst just d\u00e5! Han gapade och h\u00e4llde och sekunden senare var \u00f6len slut, in med n\u00e4sta bara!<\/p>\n<p>Vi funderade lite vad man har f\u00f6r sig n\u00e4r man bor d\u00e4r uppe i \u00f6demarken, som till exempel Noppikoski, vad fan g\u00f6r man i Noppikoski en l\u00f6rdagskv\u00e4ll? M\u00e4sterMekanikern hade svar p\u00e5 det som s\u00e5 mycket annat: \u201dJo man tar med tanten till Orsa en g\u00e5ng i veckan, sl\u00e4pper av henne vid manufakturen s\u00e5 hon f\u00e5r kl\u00e4mma lite p\u00e5 kapporna. Sen p\u00e5 kv\u00e4llen pratar man lite om den d\u00e4r v\u00e5rkl\u00e4nningen hon sett och sen blir det s\u00e5 d\u00e4r \u201dgrejigt\u201d fram\u00e5t kv\u00e4llen!\u201d Ja det \u00e4r klart att det \u00e4r s\u00e5 man g\u00f6r, att jag inte t\u00e4nkte p\u00e5 det! Vad det d\u00e4r grejigt skulle inneb\u00e4ra f\u00e5r man tolka fritt, men jag vet ju hur BolibompaTommy skulle ha uttryckt det. Men det kan man inte ens skriva p\u00e5 en mc-hemsida f\u00f6r d\u00e5 kommer feminister att hacka sidan, punktera v\u00e5ra mcd\u00e4ck och \u00f6nska att vi ska f\u00e5 hemmorojder\u2026.<\/p>\n<p>Efter cirka 10 timmar var vi s\u00e5 framme hos v\u00e5ra h\u00e4rliga kamrater i Rubbish Mc. OCH vilket st\u00e4lle de har, OCH vad fint de har gjort!! Halleluja! Det \u00e4r en av de finaste klubblokalerna jag har sett n\u00e5gonsin, och d\u00e5 har jag sett n\u00e5gra stycken\u2026 Till r\u00e5ga p\u00e5 allt s\u00e5 kan vi konstatera att det \u00e4r lite v\u00e5r f\u00f6rtj\u00e4nst att de f\u00e5tt det s\u00e5 fint! Jo faktiskt, f\u00f6r om inte vi skulle ha bokat dejt med dem den h\u00e4r helgen s\u00e5 hade de aldrig kommit s\u00e5 l\u00e5ngt i renoverandet! Nej det \u00e4r inget jag har hittat p\u00e5, de sa det sj\u00e4lva!<\/p>\n<p>Fredagskv\u00e4llen \u00e4gnade vi \u00e5t att prata, skratta, prata och skratta kamrater emellan! OCH inte att f\u00f6rgl\u00f6mma: DRICKA R\u00d6DMYGGE!! S\u00e5 klart!! Hux flux hade Rubbisharna varit och h\u00e4mtat pizza i stora lass! Senare p\u00e5 kv\u00e4llningen blev jag och BolibompaTommy \u201dosams\u201d om Therese Johaugs vara eller icke vara i OS\u2026 Vi hade en h\u00f6gljudd diskussion d\u00e4r jag s\u00e5 klart tyckte att det var r\u00e4tt att hon inte fick vara med medan BolibompaTommy tyckte att hon skulle ha f\u00e5tt delta\u2026.f\u00f6r hon \u00e4r ju s\u00e5 s\u00f6\u00f6\u00f6\u00f6t\u2026..Jesus Christ\u2026 Jostein h\u00f6ll p\u00e5 att skratta ihj\u00e4l sig \u00e5t oss d\u00e4r vi satt och k\u00e4ftade p\u00e5 \u201dfullt allvar\u201d\u2026<\/p>\n<p>Natten blev inte l\u00e5ng f\u00f6r vi var tvungna att vila upp oss inf\u00f6r l\u00f6rdagens stafett i OS. Mr P hade en plan att vi skulle sitta p\u00e5 en sportbar i centrala Trondheim och skr\u00e4na och dutta v\u00e5ra l\u00e4ppar med salva och dra i oss kopi\u00f6sa m\u00e4ngder Bricanyl\u2026.k\u00e4ndes ju som att det var som uppgjort f\u00f6r att bli landsf\u00f6rvisade\u2026.men en kul id\u00e9 i alla fall!<\/p>\n<p>Dags att sova och vet ni?! Egil hade sina tv\u00e5 sch\u00e4fertikar d\u00e4r och de fick jag sova med, den ena l\u00e5g under min sovs\u00e4ck och den andra med huvudet p\u00e5 min arm! Hur mysigt?!<\/p>\n<p>L\u00f6rdag och dags f\u00f6r stafetten\u2026.vi bes\u00f6kte ingen sportbar, Rubbisharna p\u00e5stod att de inte var \u00f6ppna s\u00e5 tidigt p\u00e5 f\u00f6rmiddagen, men jag tror snarare att de inte ville f\u00e5 lov att komma och r\u00e4dda oss fr\u00e5n landsf\u00f6rvisningen\u2026 Tur var det v\u00e4l att vi inte var p\u00e5 en sportbar under t\u00e4vlingen f\u00f6r det gick ju\u2026.s\u00e5 d\u00e4r\u2026silver\u2026.second place is always the first looser\u2026.<\/p>\n<p>Sedan var det i alla fall dags att dra p\u00e5 tur, P\u00e5l och Jostein var v\u00e5ra chauff\u00f6rer och f\u00f6rst for vi till Heimdal Mc d\u00e4r vi bj\u00f6ds p\u00e5 kylda drycker! Det var himla trevliga figurer p\u00e5 den klubben och vi kommer s\u00e4kert \u00e5terv\u00e4nda dit. Sedan var det dags f\u00f6r ett studiebes\u00f6k hos Cojones Mc vilket ocks\u00e5 var mycket trevligt. D\u00e4r dukade de upp v\u00e5fflor med en massa tillbeh\u00f6r. M\u00e4sterMekanikern passade p\u00e5 att norpa \u00e5t sig en v\u00e5ffla och jag fr\u00e5gade om maten ens var till oss, varp\u00e5 MM svarade: \u201dDet vet jag inte, men jag smakar lite\u2026.\u201d<\/p>\n<p>N\u00e4r vi satt d\u00e4r s\u00e5 samtalades det ju om ditten och datten och jag vet inte om jag h\u00f6rde fel men jag tyckte att n\u00e5gon sa att denne smort in r\u00f6ven med cortisonsalva innan vi \u00e5kte\u2026.f\u00f6r att det d\u00e4r med bajsprocessen skulle bli sm\u00e4rtfritt\u2026allts\u00e5 allvarligt? Han m\u00e5ste ju ha sk\u00e4mtat, eller? N\u00e5v\u00e4l, vi har v\u00e5ra favorit\u00e4mnen som st\u00e4ndigt kommer upp en l\u00f6rdag som denna!<\/p>\n<p>Lite senare bussades vi till Ol\u00e9arys d\u00e4r vi sl\u00e4pptes av f\u00f6r Rubbisharna skulle f\u00f6rbereda kv\u00e4llens middag. Vi blev tillsagda att INTE \u00e4ta s\u00e5 mycket p\u00e5 Ol\u00e9arys men alla tog in n\u00e5got litet snacks i alla fall. Tr\u00f6tter tr\u00e4ffade p\u00e5 n\u00e5gon utanf\u00f6r krogen som nyfiket fr\u00e5gade om det var vi som hade Kim Larsen fr\u00e5n Gasoline med oss. \u00d6hh\u2026..va? N\u00e4r jag fick veta det fick jag s\u00e5 klart lov att googla, och ni f\u00e5r sj\u00e4lva bed\u00f6ma huruvida det var Kim Larsen eller inte\u2026<\/p>\n<p><img loading=\"lazy\" decoding=\"async\" class=\"alignnone wp-image-440 size-medium\" src=\"http:\/\/galtholmenmc.se\/wp-content\/uploads\/2018\/03\/Reseber\u00e4ttelse-214x300.jpg\" alt=\"\" width=\"214\" height=\"300\" srcset=\"https:\/\/galtholmenmc.se\/wp-content\/uploads\/2018\/03\/Reseber\u00e4ttelse-214x300.jpg 214w, https:\/\/galtholmenmc.se\/wp-content\/uploads\/2018\/03\/Reseber\u00e4ttelse.jpg 731w\" sizes=\"auto, (max-width: 214px) 100vw, 214px\" \/> <img loading=\"lazy\" decoding=\"async\" class=\"alignnone wp-image-441 size-medium\" src=\"http:\/\/galtholmenmc.se\/wp-content\/uploads\/2018\/03\/Resebe\u00e4ttelse2-214x300.jpg\" alt=\"\" width=\"214\" height=\"300\" srcset=\"https:\/\/galtholmenmc.se\/wp-content\/uploads\/2018\/03\/Resebe\u00e4ttelse2-214x300.jpg 214w, https:\/\/galtholmenmc.se\/wp-content\/uploads\/2018\/03\/Resebe\u00e4ttelse2.jpg 732w\" sizes=\"auto, (max-width: 214px) 100vw, 214px\" \/><\/p>\n<p>Sedan blev vi upph\u00e4mtade igen och n\u00e4r vi kom till klubben s\u00e5 stod Merethe utanf\u00f6r och grillade. Jag funderade hur m\u00e5nga det skulle komma till bords denna afton eftersom de gjorde mat f\u00f6r ett par, tre, fyra kompanier\u2026. Men det visade sig att det var vi fr\u00e5n Sv\u00e4rj\u00e4\u00e4, Rubbish + fruar samt n\u00e5gra n\u00e4rmast s\u00f6rjande. Men herre j\u00f6sses vad mycket mat de lagat och herre min skapare vad gott det var!! &amp; d\u00e5 man inte har f\u00f6rst\u00e5nd att \u00e4ta med m\u00e5tta s\u00e5 blev ju resultatet att flera av oss halvl\u00e5g i sofforna som s\u00e4lar p\u00e5 rygg. Jag var d\u00e5 s\u00e5 m\u00e4tt s\u00e5 jag orkade inte trampa ig\u00e5ng igen utan jag n\u00f6jde mig med att smyga runt och ljumma med en R\u00f6dmygge.<\/p>\n<p>S\u00f6ndag och 65 mil hem\u2026 TACK finaste ni, kramar och hejd\u00e5, sen drog vi och det var just\u202665 mil hem\u2026. De d\u00e4r hemresorna fr\u00e5n Trondheim \u00e4r ju aningen dryga men det \u00e4r s\u00e5 v\u00e4rt det, att bes\u00f6ka de d\u00e4r stollarna i Rubbish Mc rockar v\u00e5r v\u00e4rld!<\/p>\n<p>F\u00e5r se n\u00e4r n\u00e4sta bes\u00f6k hos dem blir, men det kommer nog inte dr\u00f6ja allt f\u00f6r l\u00e4nge!<\/p>\n<p>&nbsp;<\/p>\n<p>&nbsp;<\/p>\n","protected":false},"excerpt":{"rendered":"<p>Fredag 16\/2-2018 &#8212; S\u00f6ndag 18\/2-2018 Det var ju aaaaalldeles f\u00f6r l\u00e4nge sedan vi var p\u00e5 bes\u00f6k hos v\u00e5ra kamrater i Rubbish Mc och nu har de ju dessutom flyttat sin klubblokal till ett nytt omr\u00e5de, s\u00e5 det var minsann h\u00f6g tid f\u00f6r oss att fara dit och busa lite och kolla s\u00e5 att de sk\u00f6tt [&hellip;]<\/p>\n","protected":false},"author":1,"featured_media":0,"parent":0,"menu_order":0,"comment_status":"closed","ping_status":"closed","template":"","meta":{"footnotes":""},"class_list":["post-434","page","type-page","status-publish","hentry"],"_links":{"self":[{"href":"https:\/\/galtholmenmc.se\/index.php?rest_route=\/wp\/v2\/pages\/434","targetHints":{"allow":["GET"]}}],"collection":[{"href":"https:\/\/galtholmenmc.se\/index.php?rest_route=\/wp\/v2\/pages"}],"about":[{"href":"https:\/\/galtholmenmc.se\/index.php?rest_route=\/wp\/v2\/types\/page"}],"author":[{"embeddable":true,"href":"https:\/\/galtholmenmc.se\/index.php?rest_route=\/wp\/v2\/users\/1"}],"replies":[{"embeddable":true,"href":"https:\/\/galtholmenmc.se\/index.php?rest_route=%2Fwp%2Fv2%2Fcomments&post=434"}],"version-history":[{"count":5,"href":"https:\/\/galtholmenmc.se\/index.php?rest_route=\/wp\/v2\/pages\/434\/revisions"}],"predecessor-version":[{"id":446,"href":"https:\/\/galtholmenmc.se\/index.php?rest_route=\/wp\/v2\/pages\/434\/revisions\/446"}],"wp:attachment":[{"href":"https:\/\/galtholmenmc.se\/index.php?rest_route=%2Fwp%2Fv2%2Fmedia&parent=434"}],"curies":[{"name":"wp","href":"https:\/\/api.w.org\/{rel}","templated":true}]}}