{"id":1743,"date":"2021-06-15T20:11:55","date_gmt":"2021-06-15T20:11:55","guid":{"rendered":"http:\/\/galtholmenmc.se\/?page_id=1743"},"modified":"2021-06-15T20:53:07","modified_gmt":"2021-06-15T20:53:07","slug":"mats-viklund-2","status":"publish","type":"page","link":"https:\/\/galtholmenmc.se\/?page_id=1743","title":{"rendered":"Mats Viklund"},"content":{"rendered":"\n<figure class=\"wp-block-image size-large\"><img loading=\"lazy\" decoding=\"async\" width=\"745\" height=\"1024\" src=\"http:\/\/galtholmenmc.se\/wp-content\/uploads\/2021\/06\/Mats-1-745x1024.jpg\" alt=\"\" class=\"wp-image-1749\" srcset=\"https:\/\/galtholmenmc.se\/wp-content\/uploads\/2021\/06\/Mats-1-745x1024.jpg 745w, https:\/\/galtholmenmc.se\/wp-content\/uploads\/2021\/06\/Mats-1-218x300.jpg 218w, https:\/\/galtholmenmc.se\/wp-content\/uploads\/2021\/06\/Mats-1-768x1056.jpg 768w, https:\/\/galtholmenmc.se\/wp-content\/uploads\/2021\/06\/Mats-1.jpg 859w\" sizes=\"auto, (max-width: 745px) 100vw, 745px\" \/><\/figure>\n\n\n\n<p><strong>*1958-07-02<br>+2021-06-14<\/strong><\/p>\n\n\n\n<p>Mats Viklund somnade in ig\u00e5r med sin \u00e4lskade familj vid sin sida.<br><br>Det var inte s\u00e5 h\u00e4r det skulle bli Mats. Du skulle vinna mot cancern, det fanns inget annat alternativ. Men det blir ju inte alltid som man t\u00e4nkt sig och hoppats och ig\u00e5r orkade du inte mer.<br><br>Mats har en historia med Galtholmen Mc fr\u00e5n tidernas begynnelse, han var med p\u00e5 festerna redan p\u00e5 det tidiga 1980-talet d\u00e5 klubben bildades och n\u00e5gra \u00e5r i mitten p\u00e5 1990-talet var han \u00e4ven medlem i Galtholmen Mc.<\/p>\n\n\n\n<p>Mats var en man som man inte gl\u00f6mmer om man m\u00f6tt honom. Jag \u00e4r s\u00e4ker p\u00e5 att det inte bara \u00e4r en person han skr\u00e4mt slag p\u00e5 med sitt barska s\u00e4tt, med den stenh\u00e5rda blicken och det stora \u00e4rret ovanf\u00f6r ena \u00f6gat. Men n\u00e4r man fick l\u00e4ra k\u00e4nna honom s\u00e5 tr\u00e4dde det fram en v\u00e4nlig och omt\u00e4nksam nallebj\u00f6rn!<\/p>\n\n\n\n<p>Men r\u00e4tt skulle alltid vara r\u00e4tt, det finns historier om allt fr\u00e5n d\u00e5 han knockade en galen man p\u00e5 Coop Forum som var dum mot kass\u00f6rskan till hur han jagade ungdomar som skr\u00e4mt en av hans sm\u00e5 s\u00f6ner. Han skadade inte ungdomarna, men jag tror mig veta att de aldrig mer skr\u00e4mde sm\u00e5barn!<\/p>\n\n\n\n<p>Mats \u00e4gnade sitt liv \u00e5t sin familj, sitt arbete och amerikanska bilar.<br>F\u00f6r tv\u00e5 veckor sedan provgasade han fruns Buick som han hade plockat ner i molekyler, renoverat och plockat ihop igen. Den skulle nu bara besiktigas och sedan var allt klart. Men han fick ingen sommar p\u00e5 v\u00e4garna i den med sin \u00e4lskade hustru\u2026<\/p>\n\n\n\n<p><strong>K\u00e4ra Mats!<br>Vi hoppas att du \u00e4r lika \u201dbarsk\u201d d\u00e4r du \u00e4r nu! <br>Vi ses igen, inte nu men sen.<\/strong><\/p>\n\n\n\n<p><strong>Galtholmen Mc s\u00e4nder innerliga tankar och de varmaste kondoleanser till hustrun Lotta och till s\u00f6nerna Emil och Alfred och deras familjer.<\/strong><br><br><\/p>\n\n\n\n<figure class=\"wp-block-image size-large\"><img loading=\"lazy\" decoding=\"async\" width=\"904\" height=\"1024\" src=\"http:\/\/galtholmenmc.se\/wp-content\/uploads\/2021\/06\/201067927_400322864516845_1187754673065450846_n-904x1024.jpg\" alt=\"\" class=\"wp-image-1751\" srcset=\"https:\/\/galtholmenmc.se\/wp-content\/uploads\/2021\/06\/201067927_400322864516845_1187754673065450846_n-904x1024.jpg 904w, https:\/\/galtholmenmc.se\/wp-content\/uploads\/2021\/06\/201067927_400322864516845_1187754673065450846_n-265x300.jpg 265w, https:\/\/galtholmenmc.se\/wp-content\/uploads\/2021\/06\/201067927_400322864516845_1187754673065450846_n-768x870.jpg 768w, https:\/\/galtholmenmc.se\/wp-content\/uploads\/2021\/06\/201067927_400322864516845_1187754673065450846_n.jpg 946w\" sizes=\"auto, (max-width: 904px) 100vw, 904px\" \/><\/figure>\n","protected":false},"excerpt":{"rendered":"<p>*1958-07-02+2021-06-14 Mats Viklund somnade in ig\u00e5r med sin \u00e4lskade familj vid sin sida. Det var inte s\u00e5 h\u00e4r det skulle bli Mats. Du skulle vinna mot cancern, det fanns inget annat alternativ. Men det blir ju inte alltid som man t\u00e4nkt sig och hoppats och ig\u00e5r orkade du inte mer. Mats har en historia med [&hellip;]<\/p>\n","protected":false},"author":1,"featured_media":0,"parent":0,"menu_order":0,"comment_status":"closed","ping_status":"closed","template":"","meta":{"footnotes":""},"class_list":["post-1743","page","type-page","status-publish","hentry"],"_links":{"self":[{"href":"https:\/\/galtholmenmc.se\/index.php?rest_route=\/wp\/v2\/pages\/1743","targetHints":{"allow":["GET"]}}],"collection":[{"href":"https:\/\/galtholmenmc.se\/index.php?rest_route=\/wp\/v2\/pages"}],"about":[{"href":"https:\/\/galtholmenmc.se\/index.php?rest_route=\/wp\/v2\/types\/page"}],"author":[{"embeddable":true,"href":"https:\/\/galtholmenmc.se\/index.php?rest_route=\/wp\/v2\/users\/1"}],"replies":[{"embeddable":true,"href":"https:\/\/galtholmenmc.se\/index.php?rest_route=%2Fwp%2Fv2%2Fcomments&post=1743"}],"version-history":[{"count":3,"href":"https:\/\/galtholmenmc.se\/index.php?rest_route=\/wp\/v2\/pages\/1743\/revisions"}],"predecessor-version":[{"id":1752,"href":"https:\/\/galtholmenmc.se\/index.php?rest_route=\/wp\/v2\/pages\/1743\/revisions\/1752"}],"wp:attachment":[{"href":"https:\/\/galtholmenmc.se\/index.php?rest_route=%2Fwp%2Fv2%2Fmedia&parent=1743"}],"curies":[{"name":"wp","href":"https:\/\/api.w.org\/{rel}","templated":true}]}}