{"id":104,"date":"2017-03-07T11:37:22","date_gmt":"2017-03-07T11:37:22","guid":{"rendered":"http:\/\/galtholmenmc.se\/?page_id=104"},"modified":"2018-01-12T13:47:31","modified_gmt":"2018-01-12T13:47:31","slug":"anders-anjou","status":"publish","type":"page","link":"https:\/\/galtholmenmc.se\/?page_id=104","title":{"rendered":"Anders Anjou"},"content":{"rendered":"<p><img loading=\"lazy\" decoding=\"async\" class=\"wp-image-141 size-full alignleft\" src=\"http:\/\/galtholmenmc.se\/wp-content\/uploads\/2017\/03\/RIP-Anders.jpg\" alt=\"\" width=\"300\" height=\"340\" srcset=\"https:\/\/galtholmenmc.se\/wp-content\/uploads\/2017\/03\/RIP-Anders.jpg 300w, https:\/\/galtholmenmc.se\/wp-content\/uploads\/2017\/03\/RIP-Anders-265x300.jpg 265w\" sizes=\"auto, (max-width: 300px) 100vw, 300px\" \/><\/p>\n<h2><\/h2>\n<h2><\/h2>\n<h2><\/h2>\n<h2><\/h2>\n<h2><\/h2>\n<h2><\/h2>\n<h2><\/h2>\n<p style=\"text-align: left;\"><strong>* 6 September 1958<\/strong><br \/>\n<strong> + 1 Mars 2013<\/strong><\/p>\n<p style=\"text-align: left;\">Anders Anjou, Tramps Mc har somnat in\u2026<br \/>\nAnders var en genuin biker, han var med och startade Throttle Twisters i Uppsala d\u00e5 det begav sig men de sista \u00e5ren var han en uppskattad medlem i Tramps Mc.<\/p>\n<p style=\"text-align: left;\">Vi s\u00e4nder v\u00e5ra kondoleanser till hans familj och till Tramps Mc.<br \/>\nTack f\u00f6r alla minnen Anders, tack f\u00f6r v\u00e4nskapen, f\u00f6r gl\u00e4djen och skratten.<\/p>\n<p style=\"text-align: left;\"><strong>VILA I FRID<\/strong><\/p>\n<p style=\"text-align: left;\">\n<p style=\"text-align: left;\"><strong>Nyhetstext Torsdag 28 Mars 2013<\/strong><\/p>\n<p style=\"text-align: left;\">I tisdags var vi n\u00e5gra som bes\u00f6kte Badelunda Kyrka i V\u00e4ster\u00e5s, vi var d\u00e4r f\u00f6r att ta ett sista farv\u00e4l av Anders Anjou\u2026 Det var en vacker men samtidigt mycket sv\u00e5r stund\u2026<br \/>\nHan l\u00e4mnade oss alldeles f\u00f6r tidigt, men vi \u00e4r tacksamma f\u00f6r att vi fick uppleva honom.<br \/>\nGone but not forgotten.<br \/>\nVila i frid Anders.<\/p>\n","protected":false},"excerpt":{"rendered":"<p>* 6 September 1958 + 1 Mars 2013 Anders Anjou, Tramps Mc har somnat in\u2026 Anders var en genuin biker, han var med och startade Throttle Twisters i Uppsala d\u00e5 det begav sig men de sista \u00e5ren var han en uppskattad medlem i Tramps Mc. Vi s\u00e4nder v\u00e5ra kondoleanser till hans familj och till Tramps [&hellip;]<\/p>\n","protected":false},"author":1,"featured_media":0,"parent":0,"menu_order":0,"comment_status":"closed","ping_status":"closed","template":"","meta":{"footnotes":""},"class_list":["post-104","page","type-page","status-publish","hentry"],"_links":{"self":[{"href":"https:\/\/galtholmenmc.se\/index.php?rest_route=\/wp\/v2\/pages\/104","targetHints":{"allow":["GET"]}}],"collection":[{"href":"https:\/\/galtholmenmc.se\/index.php?rest_route=\/wp\/v2\/pages"}],"about":[{"href":"https:\/\/galtholmenmc.se\/index.php?rest_route=\/wp\/v2\/types\/page"}],"author":[{"embeddable":true,"href":"https:\/\/galtholmenmc.se\/index.php?rest_route=\/wp\/v2\/users\/1"}],"replies":[{"embeddable":true,"href":"https:\/\/galtholmenmc.se\/index.php?rest_route=%2Fwp%2Fv2%2Fcomments&post=104"}],"version-history":[{"count":4,"href":"https:\/\/galtholmenmc.se\/index.php?rest_route=\/wp\/v2\/pages\/104\/revisions"}],"predecessor-version":[{"id":343,"href":"https:\/\/galtholmenmc.se\/index.php?rest_route=\/wp\/v2\/pages\/104\/revisions\/343"}],"wp:attachment":[{"href":"https:\/\/galtholmenmc.se\/index.php?rest_route=%2Fwp%2Fv2%2Fmedia&parent=104"}],"curies":[{"name":"wp","href":"https:\/\/api.w.org\/{rel}","templated":true}]}}